prime factors of 352801227?
3, 117600409
What are the prime factors of 23163794?
2, 97, 139, 859
What are the prime factors of 283491541?
17, 53, 314641
List the prime factors of 362466306.
2, 3, 19, 401, 881
List the prime factors of 298755388.
2, 74688847
List the prime factors of 101684642.
2, 877, 57973
What are the prime factors of 507780283?
507780283
What are the prime factors of 8902843210?
2, 5, 163, 239, 22853
What are the prime factors of 34261912?
2, 479, 8941
List the prime factors of 181831674.
2, 3, 30305279
List the prime factors of 6748609490.
2, 5, 7, 96408707
What are the prime factors of 82854713?
82854713
What are the prime factors of 84454871?
79, 139, 7691
List the prime factors of 48107839.
13, 29, 127607
List the prime factors of 1191692737.
29, 2293, 17921
List the prime factors of 44365319.
44365319
What are the prime factors of 4683571213?
17, 23, 11978443
List the prime factors of 2963444332.
2, 53, 1021, 13691
List the prime factors of 76031906.
2, 547, 69499
List the prime factors of 938190132.
2, 3, 11, 19, 124693
What are the prime factors of 54784807?
7, 11, 71, 911
What are the prime factors of 39537256?
2, 11, 449287
What are the prime factors of 221160998?
2, 149, 742151
List the prime factors of 36737634.
2, 3, 6122939
List the prime factors of 390179926.
2, 195089963
List the prime factors of 970627201.
563, 1724027
What are the prime factors of 167574352?
2, 11, 101, 857
List the prime factors of 44160544.
2, 313, 4409
What are the prime factors of 335531625?
3, 5, 11, 13, 6257
What are the prime factors of 415306922?
2, 4999, 41539
What are the prime factors of 7649017066?
2, 31, 4019, 30697
What are the prime factors of 335478?
2, 3, 11, 13, 17, 23
List the prime factors of 139802186.
2, 17, 4111829
What are the prime factors of 337272706?
2, 3823, 44111
What are the prime factors of 284655249?
3, 79, 113, 1181
List the prime factors of 2860341944.
2, 357542743
What are the prime factors of 938451033?
3, 13, 79, 101531
List the prime factors of 1074281494.
2, 11, 13, 3756229
List the prime factors of 733058674.
2, 31, 3109, 3803
List the prime factors of 15576441.
3, 157, 33071
What are the prime factors of 308633459?
661, 466919
List the prime factors of 3585139484.
2, 59, 15191269
What are the prime factors of 25929431?
11, 241, 9781
List the prime factors of 155834164.
2, 467, 83423
List the prime factors of 2476159.
7, 353737
What are the prime factors of 8307966?
2, 3, 1384661
List the prime factors of 3174244262.
2, 7, 43, 1399, 3769
List the prime factors of 17041427.
13, 101, 12979
List the prime factors of 5518240.
2, 5, 7, 13, 379
What are the prime factors of 85833395?
5, 17166679
What are the prime factors of 50179689?
3, 7, 73, 3637
What are the prime factors of 289678511?
1277, 226843
What are the prime factors of 610255526?
2, 29, 59, 178333
What are the prime factors of 15968435?
5, 7, 456241
List the prime factors of 87398323.
87398323
List the prime factors of 1558476894.
2, 3, 13, 19980473
List the prime factors of 279401028.
2, 3, 23283419
What are the prime factors of 2222113874?
2, 1111056937
List the prime factors of 250281254.
2, 709, 176503
List the prime factors of 88110571.
47, 139, 13487
List the prime factors of 40508909.
7, 17, 31, 79, 139
What are the prime factors of 1248151918?
2, 13, 691, 69473
List the prime factors of 663394156.
2, 165848539
What are the prime factors of 13493263?
7, 233, 8273
List the prime factors of 892149411.
3, 297383137
What are the prime factors of 89410039?
23, 3887393
List the prime factors of 90773380.
2, 5, 4538669
List the prime factors of 23846828.
2, 5961707
List the prime factors of 113149189.
101, 1120289
List the prime factors of 1088894476.
2, 2797, 97327
List the prime factors of 5485839634.
2, 11, 249356347
What are the prime factors of 367850071?
367850071
List the prime factors of 513218605.
5, 719, 142759
What are the prime factors of 634852454?
2, 17, 18672131
What are the prime factors of 4599520212?
2, 3, 7, 1063, 51511
What are the prime factors of 92268098?
2, 13, 3548773
List the prime factors of 35002885.
5, 7000577
What are the prime factors of 17181691?
17181691
List the prime factors of 1558745959.
19, 82039261
List the prime factors of 242387139.
3, 17, 89, 53401
List the prime factors of 25753847.
7, 3679121
What are the prime factors of 80842874?
2, 7, 383, 15077
What are the prime factors of 8406405068?
2, 19, 421, 262733
List the prime factors of 102163646.
2, 13, 19, 73, 2833
List the prime factors of 203877517.
203877517
What are the prime factors of 48250284?
2, 3, 17, 13913
List the prime factors of 34243932.
2, 3, 2853661
What are the prime factors of 4967515547?
31, 160242437
List the prime factors of 1114507477.
1114507477
List the prime factors of 1305769300.
2, 5, 11, 19, 62477
List the prime factors of 5496519376.
2, 43, 2311, 3457
What are the prime factors of 263715557?
7, 367, 102653
List the prime factors of 7558123.
577, 13099
What are the prime factors of 693414258?
2, 3, 17, 23, 71, 181
What are the prime factors of 784031249?
1193, 657193
List the prime factors of 824656795.
5, 43, 3835613
What are the prime factors of 2276145051?
3, 71, 10686127
List the prime factors of 40460875.
5, 7, 13, 3557
What are the prime factors of 121891220?
2, 5, 11, 554051
List the prime factors of 1458344406.
2, 3, 243057401
List the prime factors of 75756211.
19, 209851
List the prime factors of 2706905063.
503, 5381521
List the prime factors of 1409916488.
2, 17, 463, 22391
What are the prime factors of 92445518?
2, 11, 4202069
List the prime factors of 51511916.
2, 12877979
List the prime factors of 2737838855.
5, 1153, 474907
What are the prime factors of 783745093?
397, 797, 2477
List the prime factors of 1133840115.
3, 5, 29, 673, 1291
What are the prime factors of 389884176?
2, 3, 11, 47, 5237
List the prime factors of 593260372.
2, 1201, 123493
List the prime factors of 89477616.
2, 3, 1864117
What are the prime factors of 100989876?
2, 3, 13, 647371
List the prime factors of 1372391985.
3, 5, 2953, 30983
What are the prime factors of 57059536?
2, 41, 86981
List the prime factors of 54957281.
23, 103889
What are the prime factors of 5234190218?
2, 53, 181, 272813
What are the prime factors of 1329553920?
2, 3, 5, 233, 743
What are the prime factors of 1473504716?
2, 17, 21669187
List the prime factors of 148111712.
2, 7, 59, 1601
List the prime factors of 1090558697.
809, 1348033
List the prime factors of 12664148.
2, 7, 64613
List the prime factors of 566134326.
2, 3, 263, 39863
List the prime factors of 32415361.
11, 569, 5179
What are the prime factors of 34150873?
179, 190787
List the prime factors of 52692112.
2, 11, 17, 1601
What are the prime factors of 58117407?
3, 17, 1139557
List the prime factors of 30163372.
2, 17, 31, 41, 349
List the prime factors of 250210720.
2, 5, 1563817
What are the prime factors of 8017776?
2, 3, 13, 4283
List the prime factors of 1330332409.
7, 43, 631387
List the prime factors of 691361111.
7, 173, 570901
What are the prime factors of 195409295?
5, 39081859
List the prime factors of 109355872.
2, 3417371
List the prime factors of 1057064036.
2, 7, 29, 89, 14627
List the prime factors of 1403388841.
509, 1213, 2273
What are the prime factors of 60703387?
1697, 35771
List the prime factors of 1292781070.
2, 5, 7, 89, 207509
List the prime factors of 35114068.
2, 11, 197, 4051
What are the prime factors of 1081800530?
2, 5, 19, 263, 21649
What are the prime factors of 135416562?
2, 3, 22569427
List the prime factors of 1337289359.
7, 181, 971, 1087
What are the prime factors of 2938734207?
3, 326526023
What are the prime factors of 7472541?
3, 2490847
List the prime factors of 127956616.
2, 79, 293, 691
List the prime factors of 2822882125.
5, 7, 3226151
List the prime factors of 39999527.
39999527
List the prime factors of 997414725.
3, 5, 883, 15061
List the prime factors of 39309624.
2, 3, 73, 277
What are the prime factors of 9923918?
2, 37, 59, 2273
List the prime factors of 651278862.
2, 3, 13, 2783243
What are the prime factors of 69982294?
2, 101, 346447
List the prime factors of 120532679.
120532679
List the prime factors of 224454694.
2, 31, 1733, 2089
Wha